and 2552221.
2447
What is the highest common divisor of 10458 and 201026?
1162
What is the highest common factor of 154886 and 15182430?
3602
What is the greatest common divisor of 581 and 82559519?
581
What is the greatest common factor of 47507008 and 565?
113
Calculate the highest common factor of 14909243 and 5.
1
What is the highest common factor of 6493826 and 164?
82
What is the highest common divisor of 6770 and 354988335?
3385
What is the highest common divisor of 34 and 1187919982?
34
Calculate the highest common factor of 145462 and 105842.
566
What is the greatest common factor of 8500 and 119068?
68
Calculate the highest common divisor of 35882928 and 3600.
144
What is the highest common divisor of 26044 and 46860816?
1532
What is the greatest common divisor of 71424097 and 7733?
703
Calculate the highest common factor of 189312 and 892608.
192
Calculate the highest common divisor of 234655 and 8920195.
3305
What is the greatest common divisor of 3252 and 1001892?
12
Calculate the greatest common divisor of 4158532 and 8660.
1732
Calculate the greatest common divisor of 69806916 and 372.
372
Calculate the greatest common factor of 1065300 and 82410.
2010
Calculate the greatest common factor of 5924720 and 440.
40
What is the greatest common divisor of 497373 and 3661?
523
Calculate the greatest common factor of 2220 and 12216660.
2220
What is the greatest common factor of 189932157 and 18828?
4707
What is the greatest common divisor of 59 and 517067386?
59
What is the greatest common factor of 79910 and 1653710?
610
Calculate the highest common factor of 8944864 and 63829.
2201
Calculate the highest common factor of 5899 and 730099.
17
What is the greatest common divisor of 58240 and 741104?
1456
Calculate the highest common factor of 26133 and 8115842.
281
What is the greatest common factor of 962120 and 6834?
134
What is the greatest common divisor of 528 and 442101?
33
What is the greatest common factor of 70870 and 40860?
10
What is the highest common divisor of 311387 and 511055?
2377
What is the highest common divisor of 6615 and 7698915?
945
What is the highest common factor of 35289 and 62991?
27
What is the greatest common factor of 285923024 and 96?
16
What is the highest common factor of 4032857 and 14240?
89
Calculate the highest common divisor of 10507053 and 7719.
249
What is the highest common factor of 200 and 31200068?
4
Calculate the highest common factor of 182534643 and 39735.
7947
What is the greatest common divisor of 7326 and 188554146?
2442
Calculate the highest common factor of 31826225 and 300.
25
What is the greatest common factor of 1773 and 233671353?
591
What is the highest common divisor of 10206752 and 145704?
3736
Calculate the greatest common divisor of 2500 and 1452000.
500
Calculate the greatest common factor of 253 and 6644176.
11
What is the greatest common divisor of 12 and 60836172?
12
Calculate the highest common divisor of 6067642 and 2674.
14
What is the highest common factor of 13 and 167992123?
13
Calculate the highest common divisor of 70495074 and 8628.
4314
Calculate the greatest common divisor of 1173 and 8817096.
69
Calculate the highest common divisor of 1274 and 30807.
7
Calculate the greatest common divisor of 40075 and 66242372.
1603
What is the greatest common factor of 7290375 and 4125?
375
What is the highest common factor of 28197037 and 396?
11
What is the highest common divisor of 420892 and 5560?
556
Calculate the greatest common factor of 3423886 and 4142089.
4517
Calculate the greatest common divisor of 2441900 and 160.
20
What is the greatest common divisor of 8 and 4335748?
4
Calculate the highest common divisor of 33017720 and 40.
40
Calculate the greatest common divisor of 296 and 275048.
8
Calculate the greatest common divisor of 13304611 and 9455.
31
What is the greatest common divisor of 5694 and 9597018?
438
What is the greatest common factor of 134 and 94459481?
67
Calculate the highest common factor of 870056 and 129448.
88
What is the highest common factor of 1445 and 476111605?
1445
Calculate the greatest common factor of 11821152 and 252.
84
Calculate the highest common divisor of 21441668 and 5463.
607
Calculate the greatest common factor of 2964 and 42328884.
2964
Calculate the greatest common factor of 84600264 and 7170.
1434
What is the greatest common divisor of 4191 and 23705693?
1397
What is the highest common factor of 5 and 6544940?
5
Calculate the highest common factor of 313256604 and 4.
4
What is the greatest common divisor of 197940 and 61990?
10
What is the greatest common factor of 14165471 and 1598?
799
What is the highest common divisor of 11 and 411065446?
11
Calculate the highest common factor of 2695 and 30626519.
539
Calculate the greatest common divisor of 592910 and 170910.
2110
Calculate the highest common factor of 13653937 and 11.
11
Calculate the greatest common factor of 2510016 and 113016.
408
Calculate the greatest common divisor of 3 and 580378.
1
Calculate the greatest common divisor of 13277964 and 147.
21
Calculate the greatest common divisor of 372934 and 31034.
526
What is the greatest common factor of 16214997 and 10107?
3369
What is the greatest common factor of 21255 and 350155?
65
Calculate the greatest common factor of 5529 and 175104.
57
Calculate the greatest common factor of 85 and 101967955.
85
Calculate the highest common factor of 396 and 40167006.
66
Calculate the greatest common divisor of 13018 and 191308.
566
Calculate the highest common factor of 6 and 713826642.
6
Calculate the highest common factor of 14964 and 86172.
516
What is the highest common factor of 1339956 and 384?
12
What is the greatest common divisor of 2343320 and 5920?
40
What is the greatest common divisor of 11715 and 4513825?
355
Calculate the highest common divisor of 204678 and 1454940.
2466
Calculate the highest common divisor of 17063409 and 231.
33
Calculate the highest common divisor of 128 and 18453584.
16
What is the highest common factor of 416 and 33483827?
13
Calculate the greatest common factor of 130384932 and 36.
12
What is the highest common factor of 42755885 and 4133?
4133
What is the highest common factor of 101601215 and 6285?
2095
What is the greatest common factor of 4036 and 60292?
4
What is the greatest common divisor of 6051384 and 162?
18
Calculate the greatest common factor of 55050624 and 170.
34
Calculate the highest common factor of 360263152 and 31.
31
What is the highest common divisor of 1255493625 and 125?
125
Calculate the highest common divisor of 1200 and 5886640.
80
What is the highest common factor of 33174 and 13326733?
1843
What is the greatest common divisor of 3197 and 1053759?
139
What is the highest common divisor of 1303917594 and 3318?
3318
What is the highest common divisor of 17831571 and 3411?
1137
What is the greatest common divisor of 141481935 and 1575?
315
Calculate the highest common divisor of 144 and 37198864.
16
Calculate the greatest common factor of 510 and 919360.
170
What is the highest common factor of 200 and 32485925?
25
Calculate the highest common factor of 44206492 and 133868.
2732
Calculate the greatest common factor of 105926246 and 10.
2
What is the highest common factor of 54 and 154725138?
18
What is the greatest common factor of 10260 and 7399566?
54
Calculate the highest common factor of 2607865 and 70013.
53
What is the greatest common divisor of 120 and 4903960?
40
What is the greatest common divisor of 80406320 and 80?
80
Calculate the greatest common factor of 745059 and 15708.
357
What is the greatest common factor of 10530 and 45810?
90
Calculate the greatest common divisor of 390 and 267548112.
78
What is the greatest common divisor of 341 and 241043?
11
Calculate the highest common divisor of 153925272 and 7047.
2349
What is the highest common factor of 23970 and 855678?
102
Calculate the greatest common divisor of 638941548 and 336.
84
What is the greatest common divisor of 736 and 130982930?
46
Calculate the greatest common factor of 205937048 and 10336.
2584
Calculate the highest common factor of 6400055 and 95.
95
What is the highest common factor of 143314625 and 2375?
2375
What is the greatest common factor of 378373 and 8579?
23
What is the gr